me factors of s.
2, 3, 191
Let y = 11 + -7. Let o be (y - (-4 - -1))*-12. Let s = -57 - o. List the prime factors of s.
3
Let x(y) = 7*y**3 - 5*y**2 - 2*y - 632. Let a(v) = v**3 - v**2 - v - 1. Let t(s) = 6*a(s) - x(s). List the prime factors of t(0).
2, 313
Let a = 87606 - 23766. What are the prime factors of a?
2, 3, 5, 7, 19
Suppose -684140 - 246249 = -14*h - 197545. List the prime factors of h.
2, 7, 3739
Suppose 0 = 3*z - 2*y - 41931 + 12386, 3*z + 4*y - 29515 = 0. List the prime factors of z.
5, 11, 179
Let a(z) = -2*z**3 - 7*z**2 + 2*z + 5. Let p be a(-4). Suppose 0 = 3*f - 43 + p. List the prime factors of f.
2, 5
What are the prime factors of (-4201)/(6/(-4) + 1)?
2, 4201
Suppose 623*r + 12405 = 626*r. List the prime factors of r.
5, 827
Let p(y) = 6*y**2 - 14*y + 87. Let z be p(12). Suppose 6*k - z = 1383. What are the prime factors of k?
19
Let u = -21830 - -31615. What are the prime factors of u?
5, 19, 103
Suppose 9393842 - 1073398 = 242*x. What are the prime factors of x?
2, 17191
Suppose 22 = -6*q + 40. Suppose -5*u - o + 10 = 0, -5*o + 1 = -u + q. Suppose -2*m - 4*y + 150 = 0, -64 = -u*m + 2*y + 62. What are the prime factors of m?
67
Suppose 11*u - 3*u = 303360. List the prime factors of u/(-48)*(-2)/((-20)/(-6)).
2, 3, 79
Let q(z) = -460*z + 2185. List the prime factors of q(-50).
3, 5, 23, 73
Suppose 57*k - 64981 = 50*k. List the prime factors of k.
9283
Suppose -1044649 = -23*q + 326680. List the prime factors of q.
109, 547
Let i(x) = -x**3 + 50*x**2 - 44*x + 67. Let z be i(48). Let b = z - 1825. What are the prime factors of b?
2, 3, 41
Let b(t) = t**3 + 19*t**2 + 26. Let g be b(-19). Let i be 40 + g + 0/(-2) + -1. Suppose 4*z + z = i. What are the prime factors of z?
13
Suppose -2*y + 3*f - 3 = y, -2*f = -3*y - 7. Let z be (2/(-4))/(y*9/90). What are the prime factors of (-2)/z*2 - -163?
3, 53
Suppose 4*a + 21*a = -9475. Let q = 830 + a. What are the prime factors of q?
11, 41
Suppose -20*w + 5778 + 5242 = 0. Suppose u - w = -2*c - 66, -3*u - 965 = -4*c. What are the prime factors of c?
2, 11
Let r = -223 - -228. Suppose -a + 5 = -6*a, r*g + 3*a - 322 = 0. List the prime factors of g.
5, 13
Let s(g) = g**2 - 16*g - 17. Let r be s(17). Suppose -7*m + 5*m + 4 = r. List the prime factors of 4/(-8)*-10 - m*-1.
7
Let m be ((-18)/(-6)*-1)/(-1). Suppose -321 = -m*o + 492. List the prime factors of o.
271
What are the prime factors of (-31 + (-380)/(-60))*(-213)/2?
37, 71
Suppose 0 = 42*x - 64672 - 100976. List the prime factors of x.
2, 17, 29
Suppose -88 = 9*o - 13*o. Let u(j) = 6*j - 2*j**2 - 4*j + o*j**3 - 9*j**3. What are the prime factors of u(2)?
2, 5
Suppose -5183 = 4*o - 1703. Suppose 147*m - 153*m - 42 = 0. What are the prime factors of o/m - (2 + (-12)/7)?
2, 31
List the prime factors of 592072/(-468)*27/(-6).
5693
Suppose -5*v = -3*j - 318572, 14*j - 9*j + 573426 = 9*v. What are the prime factors of v?
63709
Let y(g) = -14*g - 114. Let f(v) = -v**2 + 14*v - 55. Let c be f(10). What are the prime factors of y(c)?
2, 3
Let j(r) = -7*r + 26*r**2 - 16*r**2 - 3*r + r - 5. List the prime factors of j(3).
2, 29
Suppose -5*h - h = -324. Suppose -8*k = -5*k - h. Suppose -k*a + 20 = -17*a. List the prime factors of a.
2, 5
What are the prime factors of (28/(-70))/(-11 - (-4296267)/390570)?
2, 47, 277
List the prime factors of (-184943)/(-16) - (-28)/448.
3, 3853
Suppose 25 = -o + 4*b + b, 5*o - 20 = -4*b. Suppose 2*d - 2*t - 826 = o, -d + 2*d - 5*t = 425. List the prime factors of -6*1*d/(-15).
2, 41
Let a = 27091 - 16552. List the prime factors of a.
3, 1171
Suppose -y + 5 = 0, 5*n + 5*y = 6*n - 975. Suppose -3*j = -3*c - 218 - n, 3*j - 1212 = -3*c. List the prime factors of j.
3, 5
Let c be 752/(-18) + (1 - (-11)/(-9)). List the prime factors of -1*(c/(-56) + 3031/(-4)).
757
Let j(c) = c**2 + 6*c - 245. Let t be j(14). Suppose 0*g - 5 = -5*g. What are the prime factors of g + t + (-10 - -12)?
2, 19
List the prime factors of 318564/(-90)*-10 - 5.
3, 47, 251
Let y = -362 - -716. Suppose 0 = 5*q + y - 1894. Let f = -117 + q. List the prime factors of f.
191
Let y(m) = -m**3 - 5*m + 3. Let a be y(2). Let n be (-5)/a - (-420)/(-18). Let b = n - -189. List the prime factors of b.
2, 83
Let t = 12488 + -6340. What are the prime factors of t?
2, 29, 53
Let r(q) be the third derivative of 43*q**5/10 - q**4/3 - 7*q**3/6 - 21*q**2 - 2. List the prime factors of r(-1).
7, 37
Let i(h) be the third derivative of h**5/60 - h**4/24 - h**3/6 - 8*h**2. Let y be i(-1). List the prime factors of -1 - (354/(-3))/y.
3, 13
Suppose -2*m - 2 = -3*y, 3*y - 5 + 1 = 4*m. Suppose y = 5*s - 3*s - 6. Suppose 5*u - k - 38 - 38 = 0, 2*k - 43 = -s*u. List the prime factors of u.
3, 5
Suppose -2*c + 10876 = -5*t, 0 = 9*c - 5*c - t - 21752. What are the prime factors of c?
2, 2719
Suppose -5134 = 11*y + 6482. Let l = -462 - y. What are the prime factors of l?
2, 3, 11
Suppose 187*k - 2385320 = 47*k. List the prime factors of k.
2, 7, 1217
Let n(p) = -24*p - 7. Let c(h) = -h**3 + 24*h**2 - 22*h - 32. Suppose 0 + 92 = 4*i. Let d be c(i). List the prime factors of n(d).
11, 19
Let z be 21/(-14) - (1 - (-33)/(-6)). Suppose 0 = z*l - 91 - 44. List the prime factors of l.
3, 5
Suppose -8*n - 16 = -1712. Let s = n + -114. List the prime factors of s.
2, 7
List the prime factors of (1/((-85)/17 - -4))/((-2)/6072).
2, 3, 11, 23
Let f = 766 - 518. Suppose -418 - f = -4*n - 2*u, 2*u = 4*n - 670. What are the prime factors of n?
167
Suppose 0 = 10*d + 100*d - 2367310. What are the prime factors of d?
21521
Let j = -33 - -39. Let q be (-3)/2 - j/(-4). Suppose -f + 4*o = f - 136, -2*f + 5*o + 141 = q. What are the prime factors of f?
2, 29
Let m(a) = a**3 + 48*a**2 - 3*a - 647. List the prime factors of m(-26).
14303
Let m(l) = 2 + 6*l**2 + 3*l**3 - 1 + l**2 - 9*l**2. Let o be m(2). Suppose -6*p - o + 245 = 0. What are the prime factors of p?
2, 19
List the prime factors of ((-18)/(-3) - -39228) + (-4 - (-2 - -3)).
39229
Let x(t) = -72*t + 8. Let j be x(-5). Suppose -4*l + 1752 = j. What are the prime factors of l?
2, 173
Suppose -4*j - 28726 = -5*u, -5*u - 22*j = -25*j - 28722. List the prime factors of u.
2, 3, 11, 29
Suppose 11*r + 137*r - 1903576 = 0. What are the prime factors of r?
2, 59, 109
What are the prime factors of ((-22343)/2)/(61/(-122)) + 8?
7, 31, 103
Suppose -2*h + 4 + 4 = 0. Let t be (-4)/(-5)*1260/24. Suppose h*j - r = -3*r + t, -2*j - 2*r = -26. What are the prime factors of j?
2
Let f(g) = g**2 - g. Let v(l) = -l**3 - 2*l**2 - 17*l + 23. Let o(r) = -6*f(r) + v(r). List the prime factors of o(-10).
3, 37
Suppose -3*c = -3*n - 11376, -5*n - 1173 = -c + 2619. List the prime factors of c.
2, 3, 79
Let t(a) = 7*a - 4. Let y(b) = 6*b - 5. Let v(x) = -4*t(x) + 5*y(x). Let k be v(6). Suppose -3*p = k*l + 98 - 305, 15 = -5*p. What are the prime factors of l?
2, 3
Let c(x) = -12*x**3 - x**2 - x - 1. Let b be c(-1). Let t = 38 + b. Suppose -a = -4*s + 248, 2*s - 3*s - 3*a = -t. List the prime factors of s.
61
Let k = 11296 - 7236. List the prime factors of k.
2, 5, 7, 29
Let y(p) = 35*p**2 + 205*p - 84. List the prime factors of y(-48).
2, 3, 71, 83
Let y(h) = -11*h + 25. Let v be y(2). Let q(m) = 63*m**3 + 4*m**2 + m + 6. List the prime factors of q(v).
2, 3, 97
Let m(z) = 6*z**2 - z**3 + 21 - 9*z**2 + 14*z**2 + 22*z + 4*z + 7*z**2. What are the prime factors of m(9)?
2, 3, 41
Let b be (-1 - 0)/(30/(-60)). Suppose 12*c - 477 = 9*c - 4*s, -c + b*s = -169. What are the prime factors of c?
163
List the prime factors of (253/4)/(15/49140*21).
3, 11, 13, 23
Suppose 2*o - u = 4*o + 57, -2*o + u - 63 = 0. Let r = o + 29. List the prime factors of (125/20)/(r/(-12)).
3, 5
Suppose -31661 = -8*i + 15387. What are the prime factors of i?
5881
Let r = 10298 + 3665. List the prime factors of r.
13963
Let c be (-144)/40 + 2/(-5). What are the prime factors of ((-2)/3)/(c/2682)?
3, 149
Suppose h - 20 = -5*k + 28, 3*k = 4*h - 77. Suppose 17*u - 173 = 320. Suppose -h*t - 24 = -u*t. List the prime factors of t.
2
Let q(k) = k**3 + 5*k**2 + k - 2. Let v be q(-5). Let x(o) = -30*o - 4. Let w be x(v). Suppose 26*f + w = 28*f. What are the prime factors of f?
103
Suppose -3*b = n - 15330, -4*n + 7362 = b + 2263. List the prime factors of b.
19, 269
Let v = -286 - -285. List the 